.
8
Let n be 3*-6*(-92)/(-12). What is the remainder when 24 is divided by n/(-10) + (-1)/(-5)?
10
Suppose -3*n - 5*l = -4*n + 100, 5*n - 500 = l. Calculate the remainder when n is divided by 22.
12
Suppose -5*d + 0 + 35 = 0. Let l(y) = 24*y - 7. What is the remainder when l(1) is divided by d?
3
Let b = -706 + 906. Calculate the remainder when b is divided by 97.
6
Let w be 12*(-110)/8*(-1)/5. Calculate the remainder when 34 is divided by w - (-14)/(-2) - (0 + 4).
12
Suppose -13 + 109 = 3*t. What is the remainder when t is divided by 15?
2
Let n(m) = m**3 + 10*m**2 + 5*m - 69. Calculate the remainder when n(6) is divided by 60.
57
Let y(s) = -s**3 - 50*s**2 - 48*s + 53. Calculate the remainder when y(-49) is divided by 1.
0
Suppose -2*u - 153 = -3*o - 5*u, -3*u + 204 = 4*o. Calculate the remainder when o is divided by 20.
11
What is the remainder when (-16 + 846/54)/(2/(-1224)) is divided by 9?
6
Let q(m) = -m**3 - 21*m**2 - 21*m - 7. Calculate the remainder when 91 is divided by q(-20).
0
Suppose 0 = 24*r - 22*r - 100. Calculate the remainder when 77 is divided by r*((-4)/(-15))/(4/6).
17
Calculate the remainder when 119 is divided by -2 - (-1)/(-1 - (-108)/104).
23
Suppose -i - 3*i = -224. Let d = i - 25. What is the remainder when d is divided by 17?
14
Let f(a) = a**2 - 9*a + 3. Suppose 5*p - 4*g - g - 70 = 0, 26 = p - 5*g. What is the remainder when 49 is divided by f(p)?
24
Suppose -3 = k - 1. Let m(n) = -12*n - 5. Let i = -8 - -19. What is the remainder when m(k) is divided by i?
8
Let o = -87 + 22. Let l = 72 + o. What is the remainder when 46 is divided by l?
4
Suppose -27*h + 287 + 577 = 0. Calculate the remainder when h is divided by 6.
2
Suppose 5*t - 225 = -5*v, 93 = t + t + 3*v. Suppose z + t = 4*z. What is the remainder when 40 is divided by z?
12
Suppose 0 = 3*f + 2*f - 95. Let y = f - 11. What is the remainder when 61 is divided by y?
5
Let w = 202 + 127. What is the remainder when w is divided by 66?
65
Suppose -4 = k - 5*m + 10, -k - 12 = -3*m. Calculate the remainder when 5 - 1*-2 - -2 is divided by 2/(-4)*(1 + k).
1
Let h(z) = -4*z**3 - 2*z**2 + 9*z - 6. Let n be h(-4). Let f = n - 63. What is the remainder when f is divided by 40?
39
Let s(w) = -8*w**2 + w. Let n be s(-2). Let r = n + 75. Suppose 2 + 40 = 2*k. What is the remainder when r is divided by k?
20
Suppose -38*y - 21*y + 1357 = 0. What is the remainder when 178 is divided by y?
17
Let c(t) = -t**2 - 18*t - 29. Suppose -k = 5*d + 72, -4*d - k + 2*k = 63. What is the remainder when 190 is divided by c(d)?
14
Suppose 4*k - j = -3*j + 26, -3*j = k + 6. What is the remainder when k is divided by (-12)/(-7)*(-14)/(-4)?
3
Suppose -9*v - 2*v + 660 = 0. What is the remainder when v is divided by 5?
0
Suppose -24 = -3*m + 30. Let u be ((-2)/3)/(4/(-486)). Let f = u - 30. What is the remainder when f is divided by m?
15
Suppose 5*i + 5 = 3*b, -5*b + i + 13 = -2*b. What is the remainder when 36 is divided by b?
1
Suppose -3*m = -m - 210. Let f = 48 - m. Let a = f + 80. What is the remainder when 68 is divided by a?
22
Let b = -391 + 418. What is the remainder when 105 is divided by b?
24
Let b(c) = -c**2 + 18*c - 13. Let x(l) = -l**3 - 7*l**2 + 8*l + 12. Let t be x(-8). What is the remainder when b(t) is divided by 15?
14
Suppose -59 = 3*m - 4*m. Let k = m - 14. Suppose -w + 22 = -3*o, -w + o + 62 = 44. Calculate the remainder when k is divided by w.
13
Suppose 3*w - 22 + 4 = 0. Suppose 6 = -5*n + w*n. Suppose n*u = 2*u + 40. What is the remainder when 28 is divided by u?
8
Suppose 23*u - 20*u + 5*q = 294, u + 4*q = 105. Calculate the remainder when 264 is divided by u.
78
Let s = 45 + 2. Let m(c) = -c**2 - 3*c - 7. Let o(r) = r**2 + 3*r + 7. Let b(y) = -3*m(y) - 2*o(y). What is the remainder when s is divided by b(-5)?
13
What is the remainder when ((32/(-5))/2)/(4/(-50)) is divided by (11/4)/(4/16)?
7
Suppose -2*z = f - 14, -18*z = 3*f - 17*z - 42. Calculate the remainder when 36 is divided by f.
8
Suppose 0 = -5*q - 3*x + 31, -2*q - 1 = -4*x - 3. Suppose 3*i - 65 = -2*b, -2*i + 3*b - 4*b = -44. Calculate the remainder when i is divided by q.
3
Let h = 8 - 11. Let o(j) = -6*j + 3. Let y be o(h). What is the remainder when 18 is divided by (-5)/10*(1 - y)?
8
Suppose 4*h - 1232 = -8*h + 4*h. Let r = -4 + 35. Calculate the remainder when h is divided by r.
30
Suppose -3*f = -j + 4, j - 4*f - 1 = 5. Let k = 94 - 77. Let d = j + k. Calculate the remainder when 27 is divided by d.
12
Suppose 0 = 7*b - 2117 - 1446. Calculate the remainder when b is divided by 30.
29
Calculate the remainder when 1092 is divided by -1 - (-78 - -8*1/2).
70
Suppose 0 = 2*u - 3*d, -4*d + 4 = -2*d. Let j(k) = 9*k - u*k - 7*k + 17. What is the remainder when 21 is divided by j(11)?
3
Let g = -11 - -13. Suppose -2 - 1 = r + 4*o, g*o = -3*r + 11. What is the remainder when 12 is divided by r?
2
Let b = 21 - -2. Suppose -b = -4*m + 1. What is the remainder when 10 is divided by m?
4
Let g(l) = -l**2 + 7*l + 2. Let k(n) = -4*n - 10. Let v be k(-4). Let d be g(v). Calculate the remainder when d/(-12)*54*-1 is divided by 19.
17
Let h(r) = 2*r**3 - 2*r**2 - 11*r + 8. Let v be h(-6). What is the remainder when 107 is divided by v/(-16) + (-7)/(-56)?
26
Suppose w - 4*q + 1 - 6 = 0, 3*w - 3*q = 51. Let h = -7 + 11. Suppose -z - h*z = -40. Calculate the remainder when w is divided by z.
5
Let g = -6 + 8. Suppose 0 = g*h + 19 - 87. What is the remainder when 66 is divided by h?
32
Let n = 31 + -55. Let w = 18 + n. Let u(m) = -2*m - 3. Calculate the remainder when u(w) is divided by 4.
1
What is the remainder when 11/(-8*5/(-120)) is divided by 10?
3
What is the remainder when 75 + 24/9*(-9)/6 is divided by 6?
5
Let h be ((-87)/9)/((-5)/(-90)). Let d = -101 - h. Calculate the remainder when d is divided by 26.
21
Let g = -354 + 357. Calculate the remainder when 3 is divided by g.
0
Let b = 71 + -43. Suppose -b = 2*g - 4*g. Calculate the remainder when 38 is divided by g.
10
Suppose -14*n + 18*n = 188. Let v = 411 - 227. What is the remainder when v is divided by n?
43
Let a(y) = -5*y - 2. What is the remainder when (-67)/(-2) - (78/(-12) - -6) is divided by a(-3)?
8
Suppose 7*q - 32 = 3*q. Let x = -6 + q. Suppose 0 = -l + 3*l - 3*c - 4, 6 = x*l - 2*c. Calculate the remainder when 14 is divided by l.
4
Let o = -82 - -121. Suppose -5*p + 32 = -3*y, p + 24 = 5*p - 2*y. Suppose j + 43 = 2*r, 4*r + p*j + 2 - 70 = 0. What is the remainder when o is divided by r?
19
Let c be 1 - (4 - 3)/1. Suppose c*s + 2*s - 108 = 0. What is the remainder when s is divided by 14?
12
Let j(v) = -v**2 + 40*v + 616. What is the remainder when 1426 is divided by j(-11)?
51
Suppose -6*l + 1105 - 121 = 0. What is the remainder when l is divided by 21?
17
Suppose -2*n = 2*u - 116 - 94, 0 = -4*u - n + 420. Calculate the remainder when 107 is divided by u.
2
Let d(i) = -i**2 - i + 94. Let j(a) = 10*a - 128. What is the remainder when d(0) is divided by j(14)?
10
Let j = 122 + -40. Suppose 8*m - j = 182. What is the remainder when 85 is divided by m?
19
Let j be (-2)/7 - 370/(-70). Suppose 5*s - 18 = -h, h + 72 = j*h + s. What is the remainder when 69 is divided by h?
15
Suppose 9*z + 4*w + 13 = 10*z, 26 = 2*z - 4*w. What is the remainder when 64 is divided by z?
12
Let x be ((-136)/16)/((-1)/10). Let n = 28 + x. Suppose c = -z + 22, n = -0*z + 4*z - c. Calculate the remainder when z is divided by 7.
6
Suppose -60*u + 143 = -47*u. What is the remainder when 26 is divided by u?
4
Let y = -3 + 24. Calculate the remainder when 2 - -18 - 12/(-4) is divided by ((-182)/y)/(6/(-9)).
10
Let g(w) = -19 - 7 - 9 - 9*w + 6*w. Calculate the remainder when g(-15) is divided by 6.
4
Suppose 0 = 10*f - 226 - 114. Calculate the remainder when 539 is divided by f.
29
Let c = 54 - 22. Let z = -62 - -95. Let g = -16 + z. What is the remainder when c is divided by g?
15
Let c(w) = -2*w**3 - 5*w**2 + 4*w - 1. Let f be c(-5). Let i = f - 23. Suppose -29 = -53*j + 1084. What is the remainder when i is divided by j?
18
Let n(p) = -532*p + 109. Calculate the remainder when n(-4) is divided by 56.
53
Suppose 8*z - 99 = 5*z. Let j = -34 + 53. Calculate the remainder when z is divided by j.
14
Suppose i - 2*i + 95 = 0. Suppose -2*k + 5*w = -i, -5*k + 3*w - 7*w = -155. W